Is 5437 a prime number?
True
Is 2902 prime?
False
Is 130909 composite?
True
Is 52259 a prime number?
True
Is 3589 a prime number?
False
Is 640277 a composite number?
True
Is 20477 composite?
False
Is 7621 prime?
True
Is 14813 prime?
True
Is 1257853 a composite number?
False
Is 813343 a prime number?
True
Is 72019 composite?
False
Is 147689 a composite number?
False
Is 99982 a prime number?
False
Is 5919 a prime number?
False
Is 1133809 a prime number?
True
Is 2019 composite?
True
Is 133243 a prime number?
False
Is 6779 composite?
False
Is 37487 prime?
False
Is 39499 composite?
False
Is 548579 a prime number?
True
Is 7621 prime?
True
Is 4757 a prime number?
False
Is 17693 composite?
True
Is 6822137 a composite number?
True
Is 1536581 prime?
True
Is 49711 prime?
True
Is 41365 a composite number?
True
Is 3671 a composite number?
False
Is 2722 a prime number?
False
Is 160553 prime?
True
Is 959449 a composite number?
False
Is 62459 prime?
True
Is 12778 composite?
True
Is 159971 a prime number?
False
Is 180191 prime?
False
Is 7237 a composite number?
False
Is 28685 a prime number?
False
Is 138161 a composite number?
True
Is 27299 a composite number?
False
Is 1437 a composite number?
True
Is 59401 a composite number?
True
Is 88807 a composite number?
False
Is 43315 prime?
False
Is 7151 prime?
True
Is 1043 prime?
False
Is 88207 a prime number?
False
Is 4421 composite?
False
Is 34774 a prime number?
False
Is 4049 composite?
False
Is 7069 prime?
True
Is 128621 a composite number?
False
Is 3943 composite?
False
Is 224359 a composite number?
False
Is 16013 prime?
False
Is 50989 a composite number?
False
Is 171335 a prime number?
False
Is 657233 a prime number?
True
Is 23957 prime?
True
Is 53059 a composite number?
True
Is 415 a composite number?
True
Is 367041 prime?
False
Is 813 a composite number?
True
Is 634798 a composite number?
True
Is 233021 a composite number?
False
Is 86783 composite?
False
Is 39293 prime?
True
Is 1943 prime?
False
Is 481511 prime?
False
Is 23789 a prime number?
True
Is 739 a prime number?
True
Is 3603 a prime number?
False
Is 15701 prime?
False
Is 4561 prime?
True
Is 100993 a composite number?
True
Is 351661 a composite number?
False
Is 8581 a composite number?
False
Is 288413 a prime number?
True
Is 2081 a prime number?
True
Is 84269 composite?
True
Is 797 prime?
True
Is 12869 a prime number?
False
Is 108301 composite?
False
Is 4111 composite?
False
Is 4562 prime?
False
Is 702993 a prime number?
False
Is 148919 prime?
False
Is 38239 prime?
True
Is 5450755 prime?
False
Is 226153 composite?
True
Is 68743 a composite number?
False
Is 1387547 a composite number?
True
Is 19797 prime?
False
Is 41159 prime?
False
Is 189109 a composite number?
True
Is 303737 composite?
True
Is 149827 a prime number?
True
Is 32561 composite?
False
Is 14023 a prime number?
False
Is 22613 a composite number?
False
Is 127294 composite?
True
Is 8083 a composite number?
True
Is 4327 prime?
True
Is 4487 a composite number?
True
Is 1397467 a composite number?
True
Is 79967 a composite number?
False
Is 3007 composite?
True
Is 31567 composite?
False
Is 130481 prime?
False
Is 661769 composite?
False
Is 21059 a composite number?
False
Is 2707 a composite number?
False
Is 87979 a composite number?
True
Is 25759 a prime number?
True
Is 121343 prime?
True
Is 18301 composite?
False
Is 121637 composite?
False
Is 11386 composite?
True
Is 30021 a prime number?
False
Is 1244297 prime?
False
Is 1817 composite?
True
Is 2288047 a composite number?
True
Is 11957 a prime number?
False
Is 23369 composite?
False
Is 20741 prime?
False
Is 1249949 a prime number?
False
Is 16013 a composite number?
True
Is 33107 a prime number?
True
Is 4721 prime?
True
Is 136055 a prime number?
False
Is 381937 prime?
True
Is 343099 prime?
False
Is 3229 prime?
True
Is 18077 a prime number?
True
Is 1739 a composite number?
True
Is 31585 composite?
True
Is 9865 prime?
False
Is 436957 a composite number?
False
Is 46 composite?
True
Is 2317 composite?
True
Is 239819 a prime number?
False
Is 16151 a prime number?
False
Is 6295 a composite number?
True
Is 84891 composite?
True
Is 21337 composite?
True
Is 31285 prime?
False
Is 345473 a prime number?
True
Is 331799 a composite number?
True
Is 4889 a prime number?
True
Is 1647227 composite?
False
Is 24467 prime?
False
Is 9527 composite?
True
Is 1029277 a composite number?
False
Is 96081 a prime number?
False
Is 14215 a prime number?
False
Is 373 composite?
False
Is 382997 a prime number?
False
Is 8039 composite?
False
Is 314299 composite?
False
Is 960677 prime?
True
Is 396131 composite?
True
Is 56554 composite?
True
Is 116141 prime?
True
Is 2503 composite?
False
Is 7151 composite?
False
Is 1097 a prime number?
True
Is 6359 a composite number?
False
Is 1182839 a prime number?
False
Is 107507 prime?
True
Is 47627 composite?
True
Is 98207 composite?
False
Is 90487 composite?
True
Is 368689 a prime number?
True
Is 27337 prime?
True
Is 30007 composite?
True
Is 231923 a composite number?
False
Is 1953101 a composite number?
False
Is 20714 composite?
True
Is 120261 composite?
True
Is 11239 a composite number?
False
Is 2085469 prime?
True
Is 11513 prime?
False
Is 8279 composite?
True
Is 41281 a prime number?
True
Is 23185 composite?
True
Is 759589 a prime number?
True
Is 35363 prime?
True
Is 24841 prime?
True
Is 28349 a prime number?
True
Is 49091 a prime number?
False
Is 11215 a prime number?
False
Is 18371 prime?
True
Is 165926 prime?
False
Is 133771 a composite number?
True
Is 100007 prime?
False
Is 415907 a composite number?
True
Is 41889 composite?
True
Is 8677 prime?
True
Is 539939 a composite number?
True
Is 3205 a prime number?
False
Is 1361 a composite number?
False
Is 193067 a prime number?
False
Is 72767 a prime number?
True
Is 14197 a prime number?
True
Is 4049 a composite number?
False
Is 1727 a composite number?
True
Is 212411 prime?
True
Is 1063561 a prime number?
True
Is 36083 a prime number?
True
Is 145517 composite?
False
Is 95741 a composite number?
True
Is 1141837 prime?
True
Is 643801 a composite number?
True
Is 28349 a composite number?
False
Is 24901 a composite number?
True
Is 14971 a prime number?
False
Is 13649 a composite number?
False
Is 8743 composite?
True
Is 1291385 prime?
False
Is 45061 a composite number?
False
Is 54393 a composite number?
True
Is 44167 a prime number?
False
Is 5814721 a composite number?
True
Is 72749 a prime number?
False
Is 98797 composite?
True
Is 23431 a composite number?
False
Is 1695233 a composite number?
False
Is 447589 a prime number?
False
Is 9897 prime?
False
Is 49103 a prime number?
True
Is 3827 a composite number?
True
Is 3203 prime?
True
Is 1172009 prime?
True
Is 165367 composite?
False
Is 132491 prime?
True
Is 15905 a composite number?
True
Is 406093 prime?
True
Is 4327 composite?
False
Is 192373 prime?
True
Is 38111 composite?
True
Is 4771 composite?
True
Is 59921 a composite number?
False
Is 243059 a composite number?
True
Is 3621359 composite?
True
Is 21685 prime?
False
Is 3518 prime?
False
Is 557 a composite number?
False
Is 577 a composite number?
False
Is 58523 composite?
True
Is 3299 composite?
False
Is 71237 a composite number?
False
Is 21259 prime?
False
Is 14037 composite?
True
Is 286709 composite?
True
Is 208529 a prime number?
True
Is 26879 a prime number?
True
Is 291671 a composite number?
True
Is 4291 a prime number?
False
Is 112505 a prime number?
False
Is 222949 composite?
True
Is 11015 a prime number?
False
Is 77339 a composite number?
False
Is 1710517 a prime number?
True
Is 110017 prime?
True
Is 416387 prime?
True
Is 2591177 a composite number?
True
Is 3487 a prime number?
False
Is 2648269 composite?
True
Is 914153 a prime number?
False
Is 14438 composite?
True
Is 6637 a prime number?
True
Is 492029 prime?
True
Is 20873 prime?
True
Is 7253 a composite number?
False
Is 28733 composite?
True
Is 201649 a composite number?
True
Is 4111 prime?
True
Is 10081 prime?
False
Is 1794449 prime?
False
Is 1103315 a composite number?
True
Is 4699 a prime number?
False
Is 22723 a composite number?
True
Is 27905 a composite number?
True
Is 517589 a prime number?
True
Is 15613 a composite number?
True
Is 335999 composite?
False
Is 333446 composite?
True
Is 337 a composite number?
False
Is 218231 